d 148?
74
Let c(q) = q + 1. Let v be c(6). Let l = v + -7. Suppose l = -4*m + 3*w + 44, -2*m + w + w = -20. Calculate the highest common divisor of m and 126.
14
Suppose -y - 5*k = -2717, y - 3*y - 3*k = -5434. Suppose 14*h - y = h. Calculate the highest common factor of h and 19.
19
Let x be 92 + (-2 - -1)/1. Let m be 351/(-6)*2/(-9). Calculate the highest common factor of m and x.
13
Let a(q) = q**2 + q - 2. Let v be a(-3). Suppose 0 = -28*z + 104 + 792. Calculate the greatest common factor of z and v.
4
Let t(i) = -i**2 + 12*i - 27. Let g be t(8). Suppose -g*x + 252 = -8. What is the highest common factor of 4 and x?
4
Suppose 0 = -n + 4*n - 9. Suppose n*b + 14 = -13. Let a be (2/4)/(b/(-648)). What is the highest common divisor of 4 and a?
4
Let k = 25 - 17. Let b(j) = -5*j**2 - 76*j - 11. Let g be b(-15). What is the greatest common factor of k and g?
4
Suppose 4*k + 2 = 26. Let o be 5/(-10) + k/4. What is the highest common factor of 5 and o?
1
Let j(r) = -r**2 - 6*r. Let b be j(-6). Suppose -5*q + 116 - 36 = b. Calculate the greatest common divisor of q and 32.
16
Let h(o) = -o**3 + 4*o**2 + 15*o + 12. Let a be h(6). Calculate the greatest common factor of a and 45.
15
Let m be (-274)/(-18) - (2 + 48/(-27)). Suppose -m = -3*h - i, -5*h - i = -0*i - 27. Suppose -v - 4 = -2*v. What is the highest common divisor of v and h?
2
Let u = -244 + 250. Calculate the highest common factor of u and 96.
6
Suppose 5*p - 72 = 18. Calculate the greatest common factor of 12 and p.
6
Let m be (-445)/(20/4) - 5. Let b = -80 - m. Calculate the highest common factor of b and 21.
7
Let t = -1 + 6. Suppose -4*l + 13 = -d, -5*d + 27 = t*l - 2*l. Suppose 4*v = 16, 4*f - 5*v + l = 3*f. Calculate the highest common divisor of f and 4.
4
Suppose -5*u + 2 = -4*c + 27, 0 = 2*u + 10. Suppose c = -4*b + 5*b - 20. Calculate the greatest common divisor of 220 and b.
20
Let g be 5 + (3 - 6) + 10. What is the greatest common divisor of 12 and g?
12
Suppose -2*z - 2*p + 22 = 0, -79 + 0 = -5*z + 3*p. Suppose 0*f = -4*f + 3*b + 156, 5*f - 2*b - 202 = 0. Calculate the greatest common divisor of z and f.
14
Let i(u) = -7*u - 74. Let c be i(-16). Let h = -166 - -269. Let w = h - 46. Calculate the greatest common factor of c and w.
19
Suppose 0 = 3*d - 6*d - 2*y + 64, -46 = -2*d - 3*y. Calculate the greatest common factor of d and 460.
20
Suppose 5*j = 38*p - 33*p - 2040, -5*p - 3*j = -2056. What is the greatest common divisor of 10 and p?
10
Let l = -12 - 0. Let k = 9 - l. What is the greatest common factor of 14 and k?
7
Suppose -3 = c + n - 77, 0 = 5*c + n - 390. Calculate the greatest common divisor of 1817 and c.
79
Suppose 0 = 2*n, 3*r = 2*r + n + 104. Let i = 194 - r. Let p be 4/((-5)/((-50)/4)). Calculate the highest common divisor of p and i.
10
Let r = 468 + -315. Suppose r + 414 = 7*t. Calculate the highest common divisor of t and 27.
27
Let f be 2/(-5) - (-34)/10. Suppose -t - f*g = -7*g - 19, -4*g = -4*t + 28. Let j = t - -2. Calculate the greatest common divisor of 5 and j.
5
Let a(x) = -4*x - 17. Let n be a(7). Let j = n - -130. Calculate the highest common divisor of j and 34.
17
Let q = -74 - -50. Let v(x) = -9*x - 18. Let l be v(q). What is the greatest common factor of l and 22?
22
Let p(v) = -12*v - 111. Let y be p(-11). Suppose 4*c + 4 = 32. What is the highest common factor of y and c?
7
Let v = -16 + 22. Suppose 2*w = -0 - v. Let t be w - (42 + -4)/(-2). Calculate the greatest common divisor of 4 and t.
4
Let i(v) = v + 21. Let g be i(12). Suppose 3*j - 73 - 92 = 0. Calculate the greatest common factor of j and g.
11
Let j = 89 + -55. Let v be (-284 - -298) + (-24)/2. Calculate the highest common divisor of v and j.
2
Let q = -495 + 498. What is the greatest common factor of 69 and q?
3
Let k be 12/(-21)*7/2. Let r be 14832/99 + 5/((-55)/k). Calculate the highest common factor of 30 and r.
30
Let g = 8 + -12. Let y(n) = -n**3 - 3*n**2 + 5*n + 6. Let l be y(g). Suppose x - 30 = l. What is the greatest common divisor of x and 80?
16
Let f = 3 + 1. Suppose 14*j - 171 - 146 = -37. What is the highest common divisor of f and j?
4
Suppose 12 = j + y, 0 = 3*j + 4*y - 0*y - 36. Let c be (((-22)/(-8))/(-11))/((-2)/16). Suppose -w - j = -c*w. Calculate the highest common divisor of 36 and w.
12
Let v = 1738 - 1718. Calculate the highest common factor of v and 790.
10
Suppose -17*d + 13*d + 108 = 0. What is the highest common divisor of 153 and d?
9
Let i be 4/(36/285)*3. Calculate the greatest common divisor of i and 133.
19
Let j(i) = i**3 - i. Let o be j(1). Suppose 0 = -o*f + f - 2. Suppose 4*h + 12 + 0 = f*u, 2*h = -3*u + 34. What is the greatest common factor of 10 and u?
10
Let w = -178 - -231. What is the greatest common divisor of 159 and w?
53
Let k be 4/6 - 528/(-99). Let c(r) = 3*r**3 - 10*r**2 - 6*r - 4. Let a be c(k). What is the highest common factor of a and 31?
31
Suppose -4 = 3*w - 1, -105 = -5*n + 5*w. Suppose -2*y + 7*y = -5*o + 5, 5*o = -20. Calculate the highest common factor of y and n.
5
Let g be (-20)/50 + 0 - (-52)/5. Calculate the greatest common divisor of g and 190.
10
Suppose -105 = -p + 5*c, -2*p + 588 = 3*p - 4*c. Suppose 5*l + l - p = 0. Calculate the greatest common factor of l and 60.
20
Suppose 0 = -4*w + 8*w. Suppose w*r = r. Suppose -5*q + 15 + 0 = r. What is the greatest common divisor of 27 and q?
3
Let v = -8 + 11. Suppose -3*j + u = -u - 50, -3*j - v*u + 60 = 0. Let c be ((-6)/(-1))/(18/432). Calculate the highest common factor of c and j.
18
Let v(h) = 14*h - 82. Let p be v(6). Suppose -b + 39 = -4*u, -p*b + 81 = -3*u + 3. Calculate the greatest common divisor of 13 and b.
13
Let f be (3/4)/(3675/612 - 6). Suppose 0 = -s - 3*g + f, 4*g + 16 = -0*g. What is the highest common divisor of 33 and s?
33
Let w(y) = 2*y**2 - 6*y - 4. Let u be w(6). Suppose 3*l = u + 1. Calculate the greatest common factor of l and 55.
11
Let m(j) = -j + 15. Let b be m(13). Suppose -2*c = 5*h + 3*c - 60, -b*c = -5*h + 74. Calculate the greatest common divisor of h and 140.
14
Let a(v) = -v**2 + 18*v - 89. Let w be a(9). Let y be (-2)/((2 + -6)/w) - -108. Calculate the highest common divisor of y and 78.
26
Suppose 5*g - 10 = 5*i, g + 3*g - 2*i - 10 = 0. Suppose -2*h - g*h + 30 = 0. What is the highest common factor of 4 and h?
2
Let p be (-5390)/(-35)*1/1. Calculate the greatest common factor of p and 112.
14
Let z(k) = 3*k**2 - 7*k - 3. Let m be z(5). Let s = m + 0. Calculate the greatest common factor of s and 37.
37
Let u(a) = 8*a - 6*a - 4*a + 1 + 31*a. Let t be u(2). Let d = 87 - t. Calculate the highest common divisor of d and 4.
4
Let a = 7 + 58. Calculate the greatest common factor of a and 15.
5
Let s(i) = -i**3 + 4*i**2 - 2*i - 3. Let u be s(3). Suppose -z + 0*z + 21 = u. What is the greatest common divisor of z and 14?
7
Suppose -14*q + 382 = -150. Suppose 6*x - 4*x - 114 = 0. What is the greatest common factor of q and x?
19
Let q(j) = 18*j - 52. Let a be q(14). Calculate the highest common divisor of 8 and a.
8
Let p be 21 - 6/(-4)*(0 + 2). Suppose 0 = -l - 3*b + 33, -20*b = 4*l - 15*b - 111. What is the highest common factor of p and l?
24
Let x = 6 - 4. Let n(t) = -42*t - 14 + 42*t + t**2. Let y be n(6). Calculate the highest common factor of y and x.
2
Let d(n) = n - 4. Let x be d(7). Let f(b) = b**2 + 3*b - 6. Let s be f(x). Suppose 114 = 3*m + 24. What is the greatest common divisor of m and s?
6
Let j = 2065 + -1673. What is the highest common divisor of 42 and j?
14
Let q = 904 - -748. Calculate the highest common divisor of q and 14.
14
Suppose -1 = t, 0 = 3*s + 2*t - 4*t - 47. Let o be (-54 - 0)*s/((-180)/8). Calculate the greatest common factor of 12 and o.
12
Let s = -355 + 659. Let m = s + -194. Let x(b) = -2*b + 10. Let q be x(0). Calculate the highest common factor of m and q.
10
Suppose 4*l = -3*l + 287. Suppose -6*f + 19 + l = 0. Calculate the highest common factor of f and 110.
10
Let c be ((-3)/(-6) + 1)*4. Let o be 105/(-14)*(-8)/c. Let h(v) = 69*v**3 + v. Let g be h(1). Calculate the greatest common divisor of g and o.
10
Let f(w) = 29*w. Let k be f(3). Suppose 3*y + 241 = 2*s, -2*y + 342 = 3*s - 0*y. Suppose -a = -5*a + s. What is the greatest common factor of k and a?
29
Let q(h) = -3*h + 8. Suppose 5*c + 17 =